{"id":26,"date":"2023-04-18T18:00:48","date_gmt":"2023-04-18T16:00:48","guid":{"rendered":"http:\/\/bqkkuwz.cluster027.hosting.ovh.net\/?page_id=26"},"modified":"2023-06-20T16:05:23","modified_gmt":"2023-06-20T14:05:23","slug":"conformite-rgpd-essonne-paris-a-propos","status":"publish","type":"page","link":"https:\/\/expert-rgpd.com\/index.php\/conformite-rgpd-essonne-paris-a-propos\/","title":{"rendered":"Qui sommes-nous ?"},"content":{"rendered":"\n<p style=\"font-size:1px\">Conformit\u00e9 RGPD Essonne Paris<\/p>\n\n\n\n<p>Depuis 2007, nous fournissons des solutions, des produits informatiques et des conseils sur mesure, afin d&rsquo;accompagner la croissance de nos clients au quotidien. Depuis 2018, nos \u00e9quipes certifi\u00e9es DPO CNIL vous accompagnent \u00e9galement sur vos enjeux RGPD. <\/p>\n\n\n\n<p>Experts RGPD est l\u2019interlocuteur privil\u00e9gi\u00e9 des structures de toutes tailles souhaitant confier leur mise en conformit\u00e9 RGPD des professionnels du domaine, sp\u00e9cialistes de la gestion et de la s\u00e9curit\u00e9 des donn\u00e9es. <\/p>\n\n\n\n<p style=\"font-size:1px\"><a href=\"http:\/\/www.expert-rgpd.fr\">\u200bMise en Conformit\u00e9 RGPD<\/a><\/p>\n","protected":false},"excerpt":{"rendered":"<p>Conformit\u00e9 RGPD Essonne Paris Depuis 2007, nous fournissons des solutions, des produits informatiques et des conseils sur mesure, afin d&rsquo;accompagner la croissance de nos clients au quotidien. Depuis 2018, nos \u00e9quipes certifi\u00e9es DPO CNIL vous accompagnent \u00e9galement sur vos enjeux RGPD. Experts RGPD est l\u2019interlocuteur privil\u00e9gi\u00e9 des structures de toutes tailles souhaitant confier leur mise &hellip; <\/p>\n<p class=\"link-more\"><a href=\"https:\/\/expert-rgpd.com\/index.php\/conformite-rgpd-essonne-paris-a-propos\/\" class=\"more-link\">Continuer la lecture<span class=\"screen-reader-text\"> de &laquo;&nbsp;Qui sommes-nous ?&nbsp;&raquo;<\/span><\/a><\/p>\n","protected":false},"author":1,"featured_media":156,"parent":0,"menu_order":0,"comment_status":"closed","ping_status":"closed","template":"","meta":{"footnotes":""},"class_list":["post-26","page","type-page","status-publish","has-post-thumbnail","hentry"],"yoast_head":"<!-- This site is optimized with the Yoast SEO plugin v20.7 - https:\/\/yoast.com\/wordpress\/plugins\/seo\/ -->\n<title>Conformit\u00e9 RGPD Essonne Paris - Qui sommes-nous ?<\/title>\n<meta name=\"description\" content=\"Conformit\u00e9 RGPD Essonne Paris - Vos experts RGPD \u00e0 Paris, Essonne, Seine et Marne. Audit et Mise en conformit\u00e9 RGPD. DFPO Externe.\" \/>\n<meta name=\"robots\" content=\"index, follow, max-snippet:-1, max-image-preview:large, max-video-preview:-1\" \/>\n<link rel=\"canonical\" href=\"https:\/\/expert-rgpd.com\/index.php\/conformite-rgpd-essonne-paris-a-propos\/\" \/>\n<meta property=\"og:locale\" content=\"fr_FR\" \/>\n<meta property=\"og:type\" content=\"article\" \/>\n<meta property=\"og:title\" content=\"Conformit\u00e9 RGPD Essonne Paris - Qui sommes-nous ?\" \/>\n<meta property=\"og:description\" content=\"Conformit\u00e9 RGPD Essonne Paris - Vos experts RGPD \u00e0 Paris, Essonne, Seine et Marne. Audit et Mise en conformit\u00e9 RGPD. DFPO Externe.\" \/>\n<meta property=\"og:url\" content=\"https:\/\/expert-rgpd.com\/index.php\/conformite-rgpd-essonne-paris-a-propos\/\" \/>\n<meta property=\"og:site_name\" content=\"Experts RGPD\" \/>\n<meta property=\"article:modified_time\" content=\"2023-06-20T14:05:23+00:00\" \/>\n<meta property=\"og:image\" content=\"https:\/\/expert-rgpd.com\/wp-content\/uploads\/2023\/05\/Copie-de-SWS-Experts-RGPD-2-1024x614.png\" \/>\n\t<meta property=\"og:image:width\" content=\"1024\" \/>\n\t<meta property=\"og:image:height\" content=\"614\" \/>\n\t<meta property=\"og:image:type\" content=\"image\/png\" \/>\n<meta name=\"twitter:card\" content=\"summary_large_image\" \/>\n<meta name=\"twitter:label1\" content=\"Dur\u00e9e de lecture estim\u00e9e\" \/>\n\t<meta name=\"twitter:data1\" content=\"1 minute\" \/>\n<script type=\"application\/ld+json\" class=\"yoast-schema-graph\">{\"@context\":\"https:\/\/schema.org\",\"@graph\":[{\"@type\":\"WebPage\",\"@id\":\"https:\/\/expert-rgpd.com\/index.php\/conformite-rgpd-essonne-paris-a-propos\/\",\"url\":\"https:\/\/expert-rgpd.com\/index.php\/conformite-rgpd-essonne-paris-a-propos\/\",\"name\":\"Conformit\u00e9 RGPD Essonne Paris - Qui sommes-nous ?\",\"isPartOf\":{\"@id\":\"https:\/\/expert-rgpd.com\/#website\"},\"datePublished\":\"2023-04-18T16:00:48+00:00\",\"dateModified\":\"2023-06-20T14:05:23+00:00\",\"description\":\"Conformit\u00e9 RGPD Essonne Paris - Vos experts RGPD \u00e0 Paris, Essonne, Seine et Marne. Audit et Mise en conformit\u00e9 RGPD. DFPO Externe.\",\"breadcrumb\":{\"@id\":\"https:\/\/expert-rgpd.com\/index.php\/conformite-rgpd-essonne-paris-a-propos\/#breadcrumb\"},\"inLanguage\":\"fr-FR\",\"potentialAction\":[{\"@type\":\"ReadAction\",\"target\":[\"https:\/\/expert-rgpd.com\/index.php\/conformite-rgpd-essonne-paris-a-propos\/\"]}]},{\"@type\":\"BreadcrumbList\",\"@id\":\"https:\/\/expert-rgpd.com\/index.php\/conformite-rgpd-essonne-paris-a-propos\/#breadcrumb\",\"itemListElement\":[{\"@type\":\"ListItem\",\"position\":1,\"name\":\"Accueil\",\"item\":\"https:\/\/expert-rgpd.com\/\"},{\"@type\":\"ListItem\",\"position\":2,\"name\":\"Qui sommes-nous ?\"}]},{\"@type\":\"WebSite\",\"@id\":\"https:\/\/expert-rgpd.com\/#website\",\"url\":\"https:\/\/expert-rgpd.com\/\",\"name\":\"Experts RGPD\",\"description\":\"D\u00e9tendez-vous, on s&#039;occupe de votre RGPD\",\"publisher\":{\"@id\":\"https:\/\/expert-rgpd.com\/#organization\"},\"potentialAction\":[{\"@type\":\"SearchAction\",\"target\":{\"@type\":\"EntryPoint\",\"urlTemplate\":\"https:\/\/expert-rgpd.com\/?s={search_term_string}\"},\"query-input\":\"required name=search_term_string\"}],\"inLanguage\":\"fr-FR\"},{\"@type\":\"Organization\",\"@id\":\"https:\/\/expert-rgpd.com\/#organization\",\"name\":\"Experts RGPD\",\"url\":\"https:\/\/expert-rgpd.com\/\",\"logo\":{\"@type\":\"ImageObject\",\"inLanguage\":\"fr-FR\",\"@id\":\"https:\/\/expert-rgpd.com\/#\/schema\/logo\/image\/\",\"url\":\"http:\/\/bqkkuwz.cluster027.hosting.ovh.net\/wp-content\/uploads\/2023\/05\/Experts-RGPD.png\",\"contentUrl\":\"http:\/\/bqkkuwz.cluster027.hosting.ovh.net\/wp-content\/uploads\/2023\/05\/Experts-RGPD.png\",\"width\":700,\"height\":121,\"caption\":\"Experts RGPD\"},\"image\":{\"@id\":\"https:\/\/expert-rgpd.com\/#\/schema\/logo\/image\/\"}}]}<\/script>\n<!-- \/ Yoast SEO plugin. -->","yoast_head_json":{"title":"Conformit\u00e9 RGPD Essonne Paris - Qui sommes-nous ?","description":"Conformit\u00e9 RGPD Essonne Paris - Vos experts RGPD \u00e0 Paris, Essonne, Seine et Marne. Audit et Mise en conformit\u00e9 RGPD. DFPO Externe.","robots":{"index":"index","follow":"follow","max-snippet":"max-snippet:-1","max-image-preview":"max-image-preview:large","max-video-preview":"max-video-preview:-1"},"canonical":"https:\/\/expert-rgpd.com\/index.php\/conformite-rgpd-essonne-paris-a-propos\/","og_locale":"fr_FR","og_type":"article","og_title":"Conformit\u00e9 RGPD Essonne Paris - Qui sommes-nous ?","og_description":"Conformit\u00e9 RGPD Essonne Paris - Vos experts RGPD \u00e0 Paris, Essonne, Seine et Marne. Audit et Mise en conformit\u00e9 RGPD. DFPO Externe.","og_url":"https:\/\/expert-rgpd.com\/index.php\/conformite-rgpd-essonne-paris-a-propos\/","og_site_name":"Experts RGPD","article_modified_time":"2023-06-20T14:05:23+00:00","og_image":[{"width":1024,"height":614,"url":"https:\/\/expert-rgpd.com\/wp-content\/uploads\/2023\/05\/Copie-de-SWS-Experts-RGPD-2-1024x614.png","type":"image\/png"}],"twitter_card":"summary_large_image","twitter_misc":{"Dur\u00e9e de lecture estim\u00e9e":"1 minute"},"schema":{"@context":"https:\/\/schema.org","@graph":[{"@type":"WebPage","@id":"https:\/\/expert-rgpd.com\/index.php\/conformite-rgpd-essonne-paris-a-propos\/","url":"https:\/\/expert-rgpd.com\/index.php\/conformite-rgpd-essonne-paris-a-propos\/","name":"Conformit\u00e9 RGPD Essonne Paris - Qui sommes-nous ?","isPartOf":{"@id":"https:\/\/expert-rgpd.com\/#website"},"datePublished":"2023-04-18T16:00:48+00:00","dateModified":"2023-06-20T14:05:23+00:00","description":"Conformit\u00e9 RGPD Essonne Paris - Vos experts RGPD \u00e0 Paris, Essonne, Seine et Marne. Audit et Mise en conformit\u00e9 RGPD. DFPO Externe.","breadcrumb":{"@id":"https:\/\/expert-rgpd.com\/index.php\/conformite-rgpd-essonne-paris-a-propos\/#breadcrumb"},"inLanguage":"fr-FR","potentialAction":[{"@type":"ReadAction","target":["https:\/\/expert-rgpd.com\/index.php\/conformite-rgpd-essonne-paris-a-propos\/"]}]},{"@type":"BreadcrumbList","@id":"https:\/\/expert-rgpd.com\/index.php\/conformite-rgpd-essonne-paris-a-propos\/#breadcrumb","itemListElement":[{"@type":"ListItem","position":1,"name":"Accueil","item":"https:\/\/expert-rgpd.com\/"},{"@type":"ListItem","position":2,"name":"Qui sommes-nous ?"}]},{"@type":"WebSite","@id":"https:\/\/expert-rgpd.com\/#website","url":"https:\/\/expert-rgpd.com\/","name":"Experts RGPD","description":"D\u00e9tendez-vous, on s&#039;occupe de votre RGPD","publisher":{"@id":"https:\/\/expert-rgpd.com\/#organization"},"potentialAction":[{"@type":"SearchAction","target":{"@type":"EntryPoint","urlTemplate":"https:\/\/expert-rgpd.com\/?s={search_term_string}"},"query-input":"required name=search_term_string"}],"inLanguage":"fr-FR"},{"@type":"Organization","@id":"https:\/\/expert-rgpd.com\/#organization","name":"Experts RGPD","url":"https:\/\/expert-rgpd.com\/","logo":{"@type":"ImageObject","inLanguage":"fr-FR","@id":"https:\/\/expert-rgpd.com\/#\/schema\/logo\/image\/","url":"http:\/\/bqkkuwz.cluster027.hosting.ovh.net\/wp-content\/uploads\/2023\/05\/Experts-RGPD.png","contentUrl":"http:\/\/bqkkuwz.cluster027.hosting.ovh.net\/wp-content\/uploads\/2023\/05\/Experts-RGPD.png","width":700,"height":121,"caption":"Experts RGPD"},"image":{"@id":"https:\/\/expert-rgpd.com\/#\/schema\/logo\/image\/"}}]}},"_links":{"self":[{"href":"https:\/\/expert-rgpd.com\/index.php\/wp-json\/wp\/v2\/pages\/26","targetHints":{"allow":["GET"]}}],"collection":[{"href":"https:\/\/expert-rgpd.com\/index.php\/wp-json\/wp\/v2\/pages"}],"about":[{"href":"https:\/\/expert-rgpd.com\/index.php\/wp-json\/wp\/v2\/types\/page"}],"author":[{"embeddable":true,"href":"https:\/\/expert-rgpd.com\/index.php\/wp-json\/wp\/v2\/users\/1"}],"replies":[{"embeddable":true,"href":"https:\/\/expert-rgpd.com\/index.php\/wp-json\/wp\/v2\/comments?post=26"}],"version-history":[{"count":5,"href":"https:\/\/expert-rgpd.com\/index.php\/wp-json\/wp\/v2\/pages\/26\/revisions"}],"predecessor-version":[{"id":176,"href":"https:\/\/expert-rgpd.com\/index.php\/wp-json\/wp\/v2\/pages\/26\/revisions\/176"}],"wp:featuredmedia":[{"embeddable":true,"href":"https:\/\/expert-rgpd.com\/index.php\/wp-json\/wp\/v2\/media\/156"}],"wp:attachment":[{"href":"https:\/\/expert-rgpd.com\/index.php\/wp-json\/wp\/v2\/media?parent=26"}],"curies":[{"name":"wp","href":"https:\/\/api.w.org\/{rel}","templated":true}]}}