{"id":29,"date":"2023-04-18T18:00:48","date_gmt":"2023-04-18T16:00:48","guid":{"rendered":"http:\/\/bqkkuwz.cluster027.hosting.ovh.net\/?page_id=29"},"modified":"2023-06-20T16:11:47","modified_gmt":"2023-06-20T14:11:47","slug":"dpo-externe-essonne-paris-accueil","status":"publish","type":"page","link":"https:\/\/expert-rgpd.com\/index.php\/dpo-externe-essonne-paris-accueil\/","title":{"rendered":"Notre Offre"},"content":{"rendered":"\n<p style=\"font-size:1px\">DPO Externe Essonne Paris<\/p>\n\n\n\n<p>Experts RGPD vous accompagne tout au long du processus de mise en conformit\u00e9. Depuis l&rsquo;audit de conformit\u00e9 jusqu&rsquo;\u00e0 la tenue de vos registres, en passant par les pr\u00e9conisations, la mise en place des r\u00e9f\u00e9rentiels et la sensibilisation de vos \u00e9quipes aux bonnes pratiques RGPD, nos experts certifi\u00e9s CNIL sauront vous aiguiller.<\/p>\n\n\n\n<p><strong>Nous vous proposons :<\/strong><\/p>\n\n\n\n<ul class=\"wp-block-list\">\n<li><strong>Audit de conformit\u00e9 RGPD<\/strong><\/li>\n\n\n\n<li><strong>Assistance \u00e0 la mise en conformit\u00e9 RGPD <\/strong><\/li>\n\n\n\n<li><strong>Mise en conformit\u00e9 RGPD Cl\u00e9 en main<\/strong><\/li>\n\n\n\n<li><strong> Externalisation de la fonction de DPO <\/strong><\/li>\n<\/ul>\n\n\n\n<p>Vous souhaitez aborder le sujet de votre mise en conformit\u00e9 RGPD avec des experts qualifi\u00e9s, certifi\u00e9s et \u00e0 l&rsquo;\u00e9coute de vos enjeux m\u00e9tiers ? <a href=\"http:\/\/www.expert-rgpd.com\">Contactez-nous !<\/a><\/p>\n\n\n\n<p style=\"font-size:1px\"><a href=\"https:\/\/expert-rgpd.com\/index.php\/conformite-rgpd-essonne-paris-a-propos\/\">Mise en Conformit\u00e9 RGPD Essonne<\/a> DPO Externe Essonne Paris<\/p>\n","protected":false},"excerpt":{"rendered":"<p>DPO Externe Essonne Paris Experts RGPD vous accompagne tout au long du processus de mise en conformit\u00e9. Depuis l&rsquo;audit de conformit\u00e9 jusqu&rsquo;\u00e0 la tenue de vos registres, en passant par les pr\u00e9conisations, la mise en place des r\u00e9f\u00e9rentiels et la sensibilisation de vos \u00e9quipes aux bonnes pratiques RGPD, nos experts certifi\u00e9s CNIL sauront vous aiguiller. &hellip; <\/p>\n<p class=\"link-more\"><a href=\"https:\/\/expert-rgpd.com\/index.php\/dpo-externe-essonne-paris-accueil\/\" class=\"more-link\">Continuer la lecture<span class=\"screen-reader-text\"> de &laquo;&nbsp;Notre Offre&nbsp;&raquo;<\/span><\/a><\/p>\n","protected":false},"author":1,"featured_media":157,"parent":0,"menu_order":0,"comment_status":"closed","ping_status":"closed","template":"","meta":{"footnotes":""},"class_list":["post-29","page","type-page","status-publish","has-post-thumbnail","hentry"],"yoast_head":"<!-- This site is optimized with the Yoast SEO plugin v20.7 - https:\/\/yoast.com\/wordpress\/plugins\/seo\/ -->\n<title>DPO Externe Essonne Paris Notre Offre - Experts RGPD<\/title>\n<meta name=\"description\" content=\"DPO Externe Essonne Paris - D\u00e9couvrez notre offre RGPD compl\u00e8te, sur-mesure et accessible, d\u00e9di\u00e9e aux TPE PME en Essonne et Seine et Marne !\" \/>\n<meta name=\"robots\" content=\"index, follow, max-snippet:-1, max-image-preview:large, max-video-preview:-1\" \/>\n<link rel=\"canonical\" href=\"https:\/\/expert-rgpd.com\/index.php\/dpo-externe-essonne-paris-accueil\/\" \/>\n<meta property=\"og:locale\" content=\"fr_FR\" \/>\n<meta property=\"og:type\" content=\"article\" \/>\n<meta property=\"og:title\" content=\"DPO Externe Essonne Paris Notre Offre - Experts RGPD\" \/>\n<meta property=\"og:description\" content=\"DPO Externe Essonne Paris - D\u00e9couvrez notre offre RGPD compl\u00e8te, sur-mesure et accessible, d\u00e9di\u00e9e aux TPE PME en Essonne et Seine et Marne !\" \/>\n<meta property=\"og:url\" content=\"https:\/\/expert-rgpd.com\/index.php\/dpo-externe-essonne-paris-accueil\/\" \/>\n<meta property=\"og:site_name\" content=\"Experts RGPD\" \/>\n<meta property=\"article:modified_time\" content=\"2023-06-20T14:11:47+00:00\" \/>\n<meta property=\"og:image\" content=\"https:\/\/expert-rgpd.com\/wp-content\/uploads\/2023\/05\/Copie-de-SWS-Experts-RGPD-1-1024x614.png\" \/>\n\t<meta property=\"og:image:width\" content=\"1024\" \/>\n\t<meta property=\"og:image:height\" content=\"614\" \/>\n\t<meta property=\"og:image:type\" content=\"image\/png\" \/>\n<meta name=\"twitter:card\" content=\"summary_large_image\" \/>\n<meta name=\"twitter:label1\" content=\"Dur\u00e9e de lecture estim\u00e9e\" \/>\n\t<meta name=\"twitter:data1\" content=\"1 minute\" \/>\n<script type=\"application\/ld+json\" class=\"yoast-schema-graph\">{\"@context\":\"https:\/\/schema.org\",\"@graph\":[{\"@type\":\"WebPage\",\"@id\":\"https:\/\/expert-rgpd.com\/index.php\/dpo-externe-essonne-paris-accueil\/\",\"url\":\"https:\/\/expert-rgpd.com\/index.php\/dpo-externe-essonne-paris-accueil\/\",\"name\":\"DPO Externe Essonne Paris Notre Offre - Experts RGPD\",\"isPartOf\":{\"@id\":\"https:\/\/expert-rgpd.com\/#website\"},\"datePublished\":\"2023-04-18T16:00:48+00:00\",\"dateModified\":\"2023-06-20T14:11:47+00:00\",\"description\":\"DPO Externe Essonne Paris - D\u00e9couvrez notre offre RGPD compl\u00e8te, sur-mesure et accessible, d\u00e9di\u00e9e aux TPE PME en Essonne et Seine et Marne !\",\"breadcrumb\":{\"@id\":\"https:\/\/expert-rgpd.com\/index.php\/dpo-externe-essonne-paris-accueil\/#breadcrumb\"},\"inLanguage\":\"fr-FR\",\"potentialAction\":[{\"@type\":\"ReadAction\",\"target\":[\"https:\/\/expert-rgpd.com\/index.php\/dpo-externe-essonne-paris-accueil\/\"]}]},{\"@type\":\"BreadcrumbList\",\"@id\":\"https:\/\/expert-rgpd.com\/index.php\/dpo-externe-essonne-paris-accueil\/#breadcrumb\",\"itemListElement\":[{\"@type\":\"ListItem\",\"position\":1,\"name\":\"Accueil\",\"item\":\"https:\/\/expert-rgpd.com\/\"},{\"@type\":\"ListItem\",\"position\":2,\"name\":\"Notre Offre\"}]},{\"@type\":\"WebSite\",\"@id\":\"https:\/\/expert-rgpd.com\/#website\",\"url\":\"https:\/\/expert-rgpd.com\/\",\"name\":\"Experts RGPD\",\"description\":\"D\u00e9tendez-vous, on s&#039;occupe de votre RGPD\",\"publisher\":{\"@id\":\"https:\/\/expert-rgpd.com\/#organization\"},\"potentialAction\":[{\"@type\":\"SearchAction\",\"target\":{\"@type\":\"EntryPoint\",\"urlTemplate\":\"https:\/\/expert-rgpd.com\/?s={search_term_string}\"},\"query-input\":\"required name=search_term_string\"}],\"inLanguage\":\"fr-FR\"},{\"@type\":\"Organization\",\"@id\":\"https:\/\/expert-rgpd.com\/#organization\",\"name\":\"Experts RGPD\",\"url\":\"https:\/\/expert-rgpd.com\/\",\"logo\":{\"@type\":\"ImageObject\",\"inLanguage\":\"fr-FR\",\"@id\":\"https:\/\/expert-rgpd.com\/#\/schema\/logo\/image\/\",\"url\":\"http:\/\/bqkkuwz.cluster027.hosting.ovh.net\/wp-content\/uploads\/2023\/05\/Experts-RGPD.png\",\"contentUrl\":\"http:\/\/bqkkuwz.cluster027.hosting.ovh.net\/wp-content\/uploads\/2023\/05\/Experts-RGPD.png\",\"width\":700,\"height\":121,\"caption\":\"Experts RGPD\"},\"image\":{\"@id\":\"https:\/\/expert-rgpd.com\/#\/schema\/logo\/image\/\"}}]}<\/script>\n<!-- \/ Yoast SEO plugin. -->","yoast_head_json":{"title":"DPO Externe Essonne Paris Notre Offre - Experts RGPD","description":"DPO Externe Essonne Paris - D\u00e9couvrez notre offre RGPD compl\u00e8te, sur-mesure et accessible, d\u00e9di\u00e9e aux TPE PME en Essonne et Seine et Marne !","robots":{"index":"index","follow":"follow","max-snippet":"max-snippet:-1","max-image-preview":"max-image-preview:large","max-video-preview":"max-video-preview:-1"},"canonical":"https:\/\/expert-rgpd.com\/index.php\/dpo-externe-essonne-paris-accueil\/","og_locale":"fr_FR","og_type":"article","og_title":"DPO Externe Essonne Paris Notre Offre - Experts RGPD","og_description":"DPO Externe Essonne Paris - D\u00e9couvrez notre offre RGPD compl\u00e8te, sur-mesure et accessible, d\u00e9di\u00e9e aux TPE PME en Essonne et Seine et Marne !","og_url":"https:\/\/expert-rgpd.com\/index.php\/dpo-externe-essonne-paris-accueil\/","og_site_name":"Experts RGPD","article_modified_time":"2023-06-20T14:11:47+00:00","og_image":[{"width":1024,"height":614,"url":"https:\/\/expert-rgpd.com\/wp-content\/uploads\/2023\/05\/Copie-de-SWS-Experts-RGPD-1-1024x614.png","type":"image\/png"}],"twitter_card":"summary_large_image","twitter_misc":{"Dur\u00e9e de lecture estim\u00e9e":"1 minute"},"schema":{"@context":"https:\/\/schema.org","@graph":[{"@type":"WebPage","@id":"https:\/\/expert-rgpd.com\/index.php\/dpo-externe-essonne-paris-accueil\/","url":"https:\/\/expert-rgpd.com\/index.php\/dpo-externe-essonne-paris-accueil\/","name":"DPO Externe Essonne Paris Notre Offre - Experts RGPD","isPartOf":{"@id":"https:\/\/expert-rgpd.com\/#website"},"datePublished":"2023-04-18T16:00:48+00:00","dateModified":"2023-06-20T14:11:47+00:00","description":"DPO Externe Essonne Paris - D\u00e9couvrez notre offre RGPD compl\u00e8te, sur-mesure et accessible, d\u00e9di\u00e9e aux TPE PME en Essonne et Seine et Marne !","breadcrumb":{"@id":"https:\/\/expert-rgpd.com\/index.php\/dpo-externe-essonne-paris-accueil\/#breadcrumb"},"inLanguage":"fr-FR","potentialAction":[{"@type":"ReadAction","target":["https:\/\/expert-rgpd.com\/index.php\/dpo-externe-essonne-paris-accueil\/"]}]},{"@type":"BreadcrumbList","@id":"https:\/\/expert-rgpd.com\/index.php\/dpo-externe-essonne-paris-accueil\/#breadcrumb","itemListElement":[{"@type":"ListItem","position":1,"name":"Accueil","item":"https:\/\/expert-rgpd.com\/"},{"@type":"ListItem","position":2,"name":"Notre Offre"}]},{"@type":"WebSite","@id":"https:\/\/expert-rgpd.com\/#website","url":"https:\/\/expert-rgpd.com\/","name":"Experts RGPD","description":"D\u00e9tendez-vous, on s&#039;occupe de votre RGPD","publisher":{"@id":"https:\/\/expert-rgpd.com\/#organization"},"potentialAction":[{"@type":"SearchAction","target":{"@type":"EntryPoint","urlTemplate":"https:\/\/expert-rgpd.com\/?s={search_term_string}"},"query-input":"required name=search_term_string"}],"inLanguage":"fr-FR"},{"@type":"Organization","@id":"https:\/\/expert-rgpd.com\/#organization","name":"Experts RGPD","url":"https:\/\/expert-rgpd.com\/","logo":{"@type":"ImageObject","inLanguage":"fr-FR","@id":"https:\/\/expert-rgpd.com\/#\/schema\/logo\/image\/","url":"http:\/\/bqkkuwz.cluster027.hosting.ovh.net\/wp-content\/uploads\/2023\/05\/Experts-RGPD.png","contentUrl":"http:\/\/bqkkuwz.cluster027.hosting.ovh.net\/wp-content\/uploads\/2023\/05\/Experts-RGPD.png","width":700,"height":121,"caption":"Experts RGPD"},"image":{"@id":"https:\/\/expert-rgpd.com\/#\/schema\/logo\/image\/"}}]}},"_links":{"self":[{"href":"https:\/\/expert-rgpd.com\/index.php\/wp-json\/wp\/v2\/pages\/29","targetHints":{"allow":["GET"]}}],"collection":[{"href":"https:\/\/expert-rgpd.com\/index.php\/wp-json\/wp\/v2\/pages"}],"about":[{"href":"https:\/\/expert-rgpd.com\/index.php\/wp-json\/wp\/v2\/types\/page"}],"author":[{"embeddable":true,"href":"https:\/\/expert-rgpd.com\/index.php\/wp-json\/wp\/v2\/users\/1"}],"replies":[{"embeddable":true,"href":"https:\/\/expert-rgpd.com\/index.php\/wp-json\/wp\/v2\/comments?post=29"}],"version-history":[{"count":5,"href":"https:\/\/expert-rgpd.com\/index.php\/wp-json\/wp\/v2\/pages\/29\/revisions"}],"predecessor-version":[{"id":178,"href":"https:\/\/expert-rgpd.com\/index.php\/wp-json\/wp\/v2\/pages\/29\/revisions\/178"}],"wp:featuredmedia":[{"embeddable":true,"href":"https:\/\/expert-rgpd.com\/index.php\/wp-json\/wp\/v2\/media\/157"}],"wp:attachment":[{"href":"https:\/\/expert-rgpd.com\/index.php\/wp-json\/wp\/v2\/media?parent=29"}],"curies":[{"name":"wp","href":"https:\/\/api.w.org\/{rel}","templated":true}]}}